 of 0*t + 0*t**5 + 0 + 1/40*t**6 + 1/2*t**3 + 3*t**2 - 1/6*t**4. What is the tens digit of i(2)?
1
Let q = 2675 - 1468. What is the tens digit of q?
0
Let i(r) be the first derivative of -r**4/2 - 2*r**3/3 + 5*r**2/2 + 8*r + 2. What is the tens digit of i(-3)?
2
What is the thousands digit of (-971)/((-245)/(-21) - 12)?
2
Let l be 3 + (0 - (5 - -4)). Let h(c) = -6*c + 23. What is the tens digit of h(l)?
5
Let w(x) = -7 + 5*x + 9 - 6*x. Let k = 0 - 4. What is the units digit of w(k)?
6
Suppose k + 8 = 12. Suppose -5*d + k = -4*t - 3*d, -2*d + 4 = -5*t. Suppose 0 = -t*i - 4*i + 80. What is the tens digit of i?
2
Suppose 48 = 4*h - 124. Let x(r) = r**2 + 6*r - 26. Let v be x(7). Let m = v - h. What is the tens digit of m?
2
Let l(g) be the first derivative of 5/2*g**2 - 3*g + 3 - 1/4*g**4 - 5/3*g**3. What is the units digit of l(-6)?
3
Suppose 7 = 3*g + 1. Suppose 0*q + 4*q = -g*d + 200, -d = -3*q - 125. What is the tens digit of d?
1
Let o(g) = -2*g**3 - g**2 + 6. Let c(i) = i**3 + 7*i**2 + 6*i + 2. Let b be c(-6). Let k be (1/b)/((-2)/12). What is the tens digit of o(k)?
5
Let v = -10 - -2. Let y be 898/8 + 2/v. What is the tens digit of (4/(-8))/((-2)/y)?
2
What is the thousands digit of ((-736)/322)/((-4)/5138)?
2
Let h = -427 + 1504. What is the tens digit of h?
7
What is the tens digit of (-23433)/(-36) - 27/(-324)?
5
Suppose 0 = j - 0*j. What is the units digit of -22*((j - -2) + -4)?
4
Suppose -1229 = -5*d + 3*w, 5*d - 6*d - 4*w + 255 = 0. What is the tens digit of d?
4
Let f(q) = q**2 - 48*q + 28. What is the hundreds digit of f(-40)?
5
Suppose -4*m + 20 = -0*m. Let h(z) = -15*z + 62. Let i be h(4). Suppose m*n - f - 133 = 3*n, -i*n + 4*f + 136 = 0. What is the units digit of n?
6
Suppose 5*t = -s - s + 2270, 5*s = t - 481. What is the hundreds digit of t?
4
Suppose w = -4*w - 5*b + 45, w = -4*b + 15. Suppose -w*s + 427 = -0*s. What is the tens digit of s?
6
Let c(s) = -5*s**3 - 12*s**2 - s - 5. Let a be c(-6). Suppose 3*x + a = 5*u + 48, 0 = 4*u - 4*x - 476. What is the units digit of u?
2
Let y be 24 + -11 - (1 - -1). Suppose 0*l + 583 = y*l. What is the units digit of l?
3
Suppose 2*r + 21 = 2*u - 5, 5*u = 3*r + 63. Suppose 0 = -l - u + 73. What is the tens digit of l?
6
Let z(m) = -11 + 7*m - m**2 - 2*m + m + 2*m**2. Let l be z(-8). Suppose 0 = l*u - 4 - 41. What is the units digit of u?
9
Suppose -3*d + 2*d = -3*q + 59, -q = -5. Let y = -26 - d. Let w = 27 - y. What is the units digit of w?
9
Let h(m) = m**2 + 9*m. Let f be h(-10). Let w(t) = t**2 - 2*t + 10. What is the tens digit of w(f)?
9
What is the tens digit of (0 - -121) + 6 + -4 + 2?
2
Suppose -s = -c + 6, 5*s + 17 = -3*c + 3. What is the tens digit of (59/c)/((-2)/(-4))?
5
Let l(q) = -q**3 + 15*q**2 - 6*q - 24. Let r be l(14). Suppose 5*x - 20 = 0, -x = -o - 4*x + r. What is the tens digit of o?
7
Suppose -31 + 19 = -l. Suppose h + 1859 = l*h. What is the units digit of h?
9
Let r be (1 - 0)/((-5)/(-625 + -5)). What is the tens digit of r - ((-3)/3 + 4)?
2
Suppose -110*l = -176*l + 327294. What is the hundreds digit of l?
9
Suppose 6*j = 4*j + 90. Suppose 4*d = 233 - j. Suppose -d = -4*c - 15. What is the units digit of c?
8
Let u(y) = -11*y + 35. Let t be u(-6). Let r = t + -48. What is the tens digit of r?
5
Let z = 233 - 184. What is the units digit of z?
9
Suppose v - 2 = 0, 2*r + 3*v - 3440 = -v. What is the tens digit of r?
1
Suppose -24*t + 28*t = 5*q + 4739, 0 = 5*t + 2*q - 5965. What is the tens digit of t?
9
Let o(q) = -3*q + 5. Let z be o(-4). Let v = -15 + z. What is the units digit of (v - 10/6)*3?
1
Let h(m) = m**3 - 2*m**2 - 8*m + 14. What is the units digit of h(7)?
3
Let x(b) = -12*b**2 - 4*b - 2. Let d be x(-3). Let v = d + 234. Suppose 6*m - v = 2*m. What is the units digit of m?
4
Let c = 1409 - -7. What is the hundreds digit of c?
4
Suppose 6*y = 3*y + 12. Suppose y*v + 23 = 5*v. What is the tens digit of v?
2
Suppose r + 68 = 2*r. Suppose -10 = -5*f, -2*u - 3*f + r + 130 = 0. Suppose -3*s + 62 = 3*j - j, -4*s + 4*j = -u. What is the units digit of s?
2
Let f = -115 - -472. Suppose -f = s - 4*s. What is the hundreds digit of s?
1
Let o = -14219 + 20243. What is the hundreds digit of o?
0
Suppose 2*f = -2*r - 250 + 1784, -3*f - 2*r + 2305 = 0. What is the tens digit of f?
7
What is the tens digit of 276/184 + 6982/4?
4
Suppose 2*b = 3*c - 1203, 5*c - 2005 = 2*b - 6*b. Suppose -p = -c + 117. What is the units digit of p?
4
Suppose 18 = v + 5*v. Suppose 37 = -5*n - v*q + 116, 2*n = -4*q + 26. What is the units digit of n?
7
Suppose -223 = -7*b - 678. Let k = -42 - b. Suppose -2*t = p - 20, -4*p - 7 = -k. What is the units digit of t?
8
What is the hundreds digit of 166400/468 + (-8)/(-18)?
3
Suppose w - 2 = -0*w. Let q be 18*(-2 + (-27)/(-6)). Suppose -7*h + w*h = -q. What is the units digit of h?
9
Let f(q) = q**2 - 6*q + 7. Suppose 10*h - 5*h = 55. What is the tens digit of f(h)?
6
Let z = 3000 + -1607. Let n be 1/5 - z/(-35). What is the units digit of 84/10*n/16?
1
Let d(h) = -26*h**2 - h. Let l be d(-1). Let s = -10 - l. What is the tens digit of ((-48)/s)/(1/(-15))?
4
Let r be 2 + (3 - (-66)/(-9))*-3. Suppose 26 = -r*o + 296. What is the units digit of o?
8
Let o be 7/((-14)/(-4)) + 1. Let j(m) = -3 - 8*m**2 + 90*m + m**o - 88*m - 2. What is the units digit of j(8)?
1
Let z = 78 + -7. Let k = 95 - z. What is the units digit of k?
4
Let u(m) = 6*m + 79. What is the tens digit of u(13)?
5
Let i(k) = 18*k - 10. Let d be i(7). Suppose -92 = -4*w + d. Suppose -w = -3*v + 2*v. What is the units digit of v?
2
Let r = -22 + 17. Let t(f) = -f**3 + 11*f + 1. What is the units digit of t(r)?
1
Suppose -19*a + 8448 = 14*a. What is the units digit of a?
6
Suppose 0 = 2*z - 5*p, -2*z = -4*p + 5*p. Suppose z = -7*o + 2*o + 615. What is the hundreds digit of o?
1
Let l(t) = -t**3 - t**2 - 5*t + 6. Let v(g) = 2*g**3 + g**2 + 5*g - 5. Let r(x) = 3*l(x) + 2*v(x). Suppose -6 = 5*o - 26. What is the units digit of r(o)?
6
Let r be (-1 - -2)*-1 + 630/5. Let i = 42 + r. What is the units digit of i?
7
Suppose -2*g = 2*s - 118, 0 = -5*s - 13 + 3. What is the units digit of g?
1
Suppose 0 = v + 4*v + 10. Let z(f) = -10*f**3 - 4*f**2 - 4*f - 3. Let q be z(v). Suppose -3*i - 106 = -5*j + 9, -q = -3*j - 2*i. What is the tens digit of j?
2
Let f be ((-6)/4)/(7/(-154)). Let j = 45 + f. What is the units digit of j?
8
Suppose 0 = p - 52 + 50, -4*p - 19640 = -4*u. What is the units digit of u?
2
Suppose 41*q - 29*q = 23412. What is the tens digit of q?
5
Let w(y) be the first derivative of y**2 - 4*y + 8. What is the units digit of w(5)?
6
Let u be 0*(5 + 55/(-10)). Let g = -2 - -4. Suppose u = -2*b + 4*n + 12, -g*b - 5*n = 3*b. What is the units digit of b?
2
Let h be (20/(-8))/((-3)/18). What is the tens digit of (-1 - (-69)/9)*288/h?
2
What is the units digit of -76 + 72 - (2 - 2 - 2552)?
8
Let m(b) = 8*b + 29. Let o be m(14). Suppose 8*f - o = 5*f. What is the tens digit of f?
4
What is the tens digit of (0 - 153)*(-104)/24?
6
Let u(z) = -z**2 - z + 189 - 3*z**2 + 2*z**2. What is the units digit of u(0)?
9
Suppose 0*f - 5*f = 0. Suppose 5*g - 123 - 7 = f. Let r = g + -16. What is the units digit of r?
0
Suppose -2087 = -5*f + i, 2*i = -4*f + 1208 + 456. Suppose 0 = 4*m + f - 1453. What is the hundreds digit of m?
2
Suppose 26*c - b = 23*c + 69, -4*b + 108 = 4*c. Suppose -5*k + 71 + 34 = 0. Let l = c - k. What is the units digit of l?
3
Suppose -25256 = 4*p - 26*p. What is the tens digit of p?
4
Let i(w) = 33*w**2 + 8*w - 42. What is the hundreds digit of i(-14)?
3
Let u be 4 + -1 - 3 - -5. Suppose u*m + 4*n + 12 = 0, -4*m - 5*n - 2 = -m. What is the units digit of (2/m - 1)*-22?
3
Let a(v) = -v**2 + v + 4. Let w be a(-3). Let j(i) = -i**3 - 15*i**2 + 14*i - 37. Let f be j(-16). Let z = f - w. What is the units digit of z?
3
Let j(m) = -24*m - 249. What is the tens digit of j(-21)?
5
Suppose 4*v - 83 - 49 = 0. Let s be (-11)/v - 16/(-3). Suppose -s*k + 93 = 4*f - 17, 4*k + 68 = 2*f. What is the units digit of f?
0
Suppose 47*v = 42*v + 12065. What is the units digit of v?
3
Suppose 3*h - 1 = -2*i, h - 8*i - 19 = -4*i. Suppose o = 2 - h, 222 = 4*g + 2*o. What is the units digit of g?
6
What is the units digit of 3/5 - (-6740)/100?
8
Let d(o) = 132*o - 34. What is the hundre